004635?
0
What is the tens digit of 257143641?
4
What is the billions digit of 1908589476?
1
What is the tens digit of 222515107?
0
What is the millions digit of 78499619?
8
What is the ten thousands digit of 3980188632?
8
What is the hundreds digit of 28126583?
5
What is the hundreds digit of 138163531?
5
What is the hundred thousands digit of 75771291?
7
What is the thousands digit of 34502755?
2
What is the units digit of 5830788501?
1
What is the thousands digit of 23765552?
5
What is the units digit of 1602964494?
4
What is the ten thousands digit of 2107065710?
6
What is the hundreds digit of 39513363?
3
What is the hundred thousands digit of 110330775?
3
What is the tens digit of 224439100?
0
What is the tens digit of 267154323?
2
What is the units digit of 413702246?
6
What is the billions digit of 8182025089?
8
What is the ten thousands digit of 20055197?
5
What is the tens digit of 18517951?
5
What is the units digit of 114205417?
7
What is the units digit of 8764572?
2
What is the ten millions digit of 38157583?
3
What is the ten thousands digit of 15152598?
5
What is the hundreds digit of 274632545?
5
What is the hundred thousands digit of 196631246?
6
What is the units digit of 2396357803?
3
What is the hundred thousands digit of 2264066569?
0
What is the millions digit of 2666313?
2
What is the ten thousands digit of 233384801?
8
What is the thousands digit of 267140296?
0
What is the hundred thousands digit of 812354096?
3
What is the hundred millions digit of 313956693?
3
What is the hundreds digit of 1583461031?
0
What is the ten thousands digit of 1918947163?
4
What is the millions digit of 89071721?
9
What is the thousands digit of 169432005?
2
What is the ten thousands digit of 396413791?
1
What is the hundreds digit of 1020999973?
9
What is the tens digit of 68859399?
9
What is the hundred thousands digit of 1395234434?
2
What is the millions digit of 235800712?
5
What is the tens digit of 2124113257?
5
What is the hundred millions digit of 126586672?
1
What is the units digit of 2127038?
8
What is the tens digit of 2440421377?
7
What is the tens digit of 607414659?
5
What is the units digit of 126965402?
2
What is the hundreds digit of 100527036?
0
What is the hundred thousands digit of 287858944?
8
What is the units digit of 1472105801?
1
What is the tens digit of 79755402?
0
What is the tens digit of 18009655?
5
What is the millions digit of 543531240?
3
What is the ten millions digit of 1291667481?
9
What is the millions digit of 198509196?
8
What is the hundred millions digit of 1264546930?
2
What is the ten thousands digit of 14207547?
0
What is the thousands digit of 639283176?
3
What is the hundreds digit of 404815232?
2
What is the thousands digit of 464246344?
6
What is the units digit of 106715793?
3
What is the hundreds digit of 2206407?
4
What is the billions digit of 1806624761?
1
What is the thousands digit of 58122240?
2
What is the ten millions digit of 549150189?
4
What is the hundreds digit of 3279524827?
8
What is the hundred thousands digit of 487086110?
0
What is the billions digit of 1923624137?
1
What is the units digit of 1713503299?
9
What is the tens digit of 6916118638?
3
What is the hundred millions digit of 295870801?
2
What is the tens digit of 751726254?
5
What is the ten thousands digit of 39488928?
8
What is the hundred thousands digit of 37219087?
2
What is the hundred millions digit of 179017044?
1
What is the hundred thousands digit of 723812689?
8
What is the hundreds digit of 741512451?
4
What is the thousands digit of 15769783?
9
What is the hundred thousands digit of 118917627?
9
What is the millions digit of 2891231677?
1
What is the tens digit of 48516942?
4
What is the tens digit of 4697299510?
1
What is the tens digit of 165782262?
6
What is the millions digit of 2013441932?
3
What is the hundreds digit of 154086541?
5
What is the billions digit of 5095187007?
5
What is the ten millions digit of 228415093?
2
What is the hundreds digit of 1439720597?
5
What is the ten millions digit of 2193524556?
9
What is the thousands digit of 8591060?
1
What is the ten millions digit of 45475959?
4
What is the billions digit of 3166172438?
3
What is the units digit of 2782993676?
6
What is the units digit of 2383724?
4
What is the ten millions digit of 296179448?
9
What is the hundred thousands digit of 72847543?
8
What is the ten millions digit of 1869394357?
6
What is the tens digit of 892087562?
6
What is the hundred thousands digit of 174966366?
9
What is the hundred millions digit of 7384835209?
3
What is the units digit of 2998497549?
9
What is the hundred millions digit of 4911579901?
9
What is the thousands digit of 59561883?
1
What is the hundred millions digit of 599681240?
5
What is the hundreds digit of 26705620?
6
What is the ten thousands digit of 54649909?
4
What is the millions digit of 44779352?
4
What is the hundred millions digit of 245506658?
2
What is the hundred thousands digit of 4505172533?
1
What is the units digit of 21047185?
5
What is the hundred millions digit of 880513112?
8
What is the hundred millions digit of 117227110?
1
What is the hundreds digit of 1273196970?
9
What is the tens digit of 1475962399?
9
What is the billions digit of 9252794851?
9
What is the thousands digit of 50938482?
8
What is the ten millions digit of 77176127?
7
What is the hundred millions digit of 162078732?
1
What is the ten millions digit of 1411449220?
1
What is the ten thousands digit of 236259268?
5
What is the ten millions digit of 68010464?
6
What is the ten thousands digit of 172374853?
7
What is the thousands digit of 3006774?
6
What is the hundreds digit of 171850555?
5
What is the ten millions digit of 5276072230?
7
What is the millions digit of 61602133?
1
What is the ten thousands digit of 128562318?
6
What is the hundred thousands digit of 615966677?
9
What is the tens digit of 59086641?
4
What is the ten millions digit of 6485960002?
8
What is the ten millions digit of 71437474?
7
What is the hundred millions digit of 1966314822?
9
What is the hundreds digit of 5082011338?
3
What is the hundreds digit of 56335250?
2
What is the hundred thousands digit of 1910125420?
1
What is the millions digit of 6457453389?
7
What is the thousands digit of 570927575?
7
What is the hundred millions digit of 109884760?
1
What is the tens digit of 146359049?
4
What is the tens digit of 3447042468?
6
What is the thousands digit of 91579941?
9
What is the units digit of 2501218606?
6
What is the hundreds digit of 740634100?
1
What is the thousands digit of 4059923799?
3
What is the hundreds digit of 207952644?
6
What is the hundreds digit of 845627654?
6
What is the hundred millions digit of 2949686372?
9
What is the ten millions digit of 1639394217?
3
What is the hundred thousands digit of 552272204?
2
What is the units digit of 110506341?
1
What is the ten millions digit of 51423795?
5
What is the hundred millions digit of 6073123617?
0
What is the ten millions digit of 1469006568?
6
What is the millions digit of 1441693?
1
What is the hundreds digit of 158439247?
2
What is the hundred thousands digit of 13449894?
4
What is the hundred thousands digit of 505620143?
6
What is the ten thousands digit of 648649802?
4
What is the ten thousands digit of 180119410?
1
What is the hundred millions digit of 353468266?
3
What is the tens digit of 155620506?
0
What is the millions digit of 68510280?
8
What is the billions digit of 6930145648?
6
What is the thousands digit of 1285186634?
6
What is the units digit of 719359880?
0
What is the ten thousands digit of 5918610807?
1
What is the units digit of 4823175318?
8
What is the ten millions digit of 873917197?
7
What is the tens digit of 1181880614?
1
What is the ten thousands digit of 4311546234?
4
What is the hundreds digit of 920428236?
2
What is the units digit of 1737481292?
2
What is the hundred millions digit of 1893925796?
8
What is the hundreds digit of 4859588420?
4
What is the thousands digit of 2290923893?
3
What is the thousands digit of 18253132?
3
What is the ten millions digit of 94515512?
9
What is the hundred thousands digit of 68597245?
5
What is the ten millions digit of 159934934?
5
What is the hundred thousands digit of 92